 is 2 - -40937224?
40937226
In base 9, what is -75648 + 162?
-75476
In base 16, what is -16a02a + 118?
-169f12
In base 14, what is 55 + -d0cc?
-d077
In base 7, what is -6 + 10044145?
10044136
In base 6, what is 133232144 - 3?
133232141
In base 2, what is 10001111111 - 11001?
10001100110
In base 11, what is 9 - -21a58415?
21a58423
In base 5, what is -4411401 - -332?
-4411014
In base 2, what is 1010100100111111001011011101 + -11?
1010100100111111001011011010
In base 7, what is 4255 + 12353?
16641
In base 5, what is 12 + 412441034?
412441101
In base 7, what is -431133224 + 4?
-431133220
In base 9, what is 7 + -15734767?
-15734760
In base 14, what is bb4a89 + -3?
bb4a86
In base 3, what is 122111012101010 - 1220?
122111012022020
In base 5, what is 2 - -3204202431?
3204202433
In base 4, what is 21302113022 + -3332?
21302103030
In base 10, what is -28513 - 4055?
-32568
In base 6, what is 110153 - 1034423?
-524230
In base 9, what is 5 + 4568630?
4568635
In base 7, what is -2533 - -44324?
41461
In base 6, what is -5 + 3533500515?
3533500510
In base 5, what is 313 + -10120321?
-10120003
In base 14, what is 7 + -9c0d6b9?
-9c0d6b2
In base 7, what is -25354502560 + 2?
-25354502555
In base 4, what is -10331002 + -11123?
-11002131
In base 4, what is -302 - 210313013?
-210313321
In base 11, what is 330 - -34675?
349a5
In base 11, what is -66 + -450768?
-450823
In base 6, what is -225 - 222032322?
-222032551
In base 2, what is 110110000000110110111010000000 - -1?
110110000000110110111010000001
In base 6, what is -303 - -14130515?
14130212
In base 12, what is 4128 - -1507?
5633
In base 9, what is 1465 - 1402202?
-1400626
In base 4, what is -100202022 + -11000?
-100213022
In base 4, what is -330113 + -1200220?
-2130333
In base 3, what is 10222002222111 - 100202?
10222002121202
In base 15, what is -12a4 - 537?
-17db
In base 6, what is -1311153 + 145?
-1311004
In base 12, what is 46398b8 + -4?
46398b4
In base 7, what is 21 - 405023534?
-405023513
In base 4, what is -20002021332201 - 11?
-20002021332212
In base 12, what is 12a9 + 72346?
73633
In base 15, what is 14 + -30023?
-3000e
In base 5, what is 441343111 + 3003?
441401114
In base 13, what is -20b995 - cc?
-20ba94
In base 6, what is 0 + -121441012?
-121441012
In base 9, what is -4 + -5214778?
-5214783
In base 14, what is 2c6 + 5c96a?
5cc52
In base 16, what is 71c6 - -2190?
9356
In base 13, what is 8097c4 - -47?
80983b
In base 11, what is -75 + -889?
-953
In base 3, what is -10211020220211 + 121?
-10211020220020
In base 10, what is -180886 - 1?
-180887
In base 9, what is 10537721 - -5?
10537726
In base 8, what is -2 - 133517660?
-133517662
In base 2, what is 100 + 1001111101001101?
1001111101010001
In base 8, what is -116 + 247235?
247117
In base 16, what is 21d701 - 5a?
21d6a7
In base 2, what is 10 - -1000000101101100101000?
1000000101101100101010
In base 6, what is -431015 + -10532?
-441551
In base 12, what is 82 - 1297b7?
-129735
In base 15, what is 7 - 3bc08a?
-3bc083
In base 8, what is 5 - -140072457?
140072464
In base 11, what is 3a + -68145?
-68106
In base 13, what is -7468 + 1a992?
13527
In base 7, what is -40 + -5101341?
-5101411
In base 4, what is -3 + 203202133101?
203202133032
In base 8, what is -675 + 211530?
210633
In base 15, what is -4 - -30dc23?
30dc1e
In base 3, what is 12 + 1121012112122?
1121012112211
In base 8, what is 20512 + -3516?
14774
In base 9, what is -15441640 - -45?
-15441584
In base 11, what is -20 - -61a9a04?
61a9994
In base 12, what is 774 - a253a?
-a1986
In base 3, what is 22 + -2200001100?
-2200001001
In base 10, what is -841930 + 10?
-841920
In base 16, what is -1bcfc + -7a4?
-1c4a0
In base 2, what is 111111101111100110011010 - -11?
111111101111100110011101
In base 6, what is 4 - 120321213?
-120321205
In base 3, what is 10100220212200202010 - -12?
10100220212200202022
In base 13, what is -1c83c - -88?
-1c784
In base 15, what is 688 - -7bbb?
8354
In base 6, what is -11404533 - -1523?
-11403010
In base 5, what is 201420 + 22200?
224120
In base 6, what is 33 - -55342440?
55342513
In base 7, what is -12232523 - -220?
-12232303
In base 9, what is 536433586 - 3?
536433583
In base 11, what is 1232499 - 2a?
123246a
In base 6, what is 20045412 + 233?
20050045
In base 14, what is -3 - 430267?
-43026a
In base 16, what is 2899d + -45?
28958
In base 4, what is -20000033331033 + -11?
-20000033331110
In base 3, what is -20101110111200 - -10?
-20101110111120
In base 10, what is -31638433 - 4?
-31638437
In base 6, what is -1 - 1235050540?
-1235050541
In base 6, what is 12313 + 2412040?
2424353
In base 10, what is -73 + 671319?
671246
In base 7, what is -14136 - -1531052?
1513613
In base 5, what is 42012141 + -211?
42011430
In base 14, what is -156 - -c6464?
c630c
In base 4, what is 13232223 + -201313?
13030310
In base 7, what is 2535650 + 104?
2536054
In base 3, what is 11222202220020 - -2002?
11222202222022
In base 16, what is -ec + -8375?
-8461
In base 10, what is -113 - -69589?
69476
In base 6, what is 512221 - 223?
511554
In base 6, what is -31 - -40333201?
40333130
In base 6, what is -100050515 - -2?
-100050513
In base 16, what is -6f2 + -5aed?
-61df
In base 5, what is 113222 - 4111314?
-3443042
In base 2, what is -1000100111000000111 + -10110?
-1000100111000011101
In base 16, what is 193 - -69048?
691db
In base 14, what is 4 - -10c920?
10c924
In base 7, what is 4 + 44135214?
44135221
In base 13, what is 128a08 - 167?
128871
In base 12, what is 13a2 - -209?
15ab
In base 14, what is -23c399 - 2?
-23c39b
In base 15, what is -3 - 410469?
-41046c
In base 2, what is 1100101110111110100001010 - -10?
1100101110111110100001100
In base 13, what is -a19c + 38b0?
-65bc
In base 6, what is 3 + 2142325310?
2142325313
In base 7, what is 6000 + 46543?
55543
In base 11, what is 0 - -56598872?
56598872
In base 11, what is -3 - -6019283a?
60192837
In base 4, what is -32012 + 20211013?
20113001
In base 12, what is 3 - 100080?
-100079
In base 2, what is 100011101110 + -1010010000?
11001011110
In base 12, what is -b + 6a621a9?
6a6219a
In base 4, what is -2321123321203 - -22?
-2321123321121
In base 11, what is -202209 + 9a?
-20211a
In base 11, what is -3953339 - 0?
-3953339
In base 4, what is 232 + 11003331111?
11003332003
In base 6, what is -3542121 - -205?
-3541512
In base 5, what is 40411 - 12033010?
-11442044
In base 4, what is 102 + 132011203?
132011311
In base 3, what is -1202120 - 201110011?
-210012201
In base 16, what is 1c50 + -211?
1a3f
In base 13, what is b9c5 + -10308?
-1613
In base 15, what is 3 + 3b67ec?
3b6800
In base 4, what is -111000320 + -212?
-111001132
In base 11, what is -21 - 114a83?
-114aa4
In base 13, what is a71866 + -24?
a71842
In base 4, what is -2301221 - -30120?
-2211101
In base 14, what is 96 - 3cd3?
-3c3b
In base 7, what is -664516313 - -1?
-664516312
In base 15, what is 196 - -1815a?
18301
In base 2, what is 110110010011000100110 + -1?
110110010011000100101
In base 10, what is 691553 - 20?
691533
In base 12, what is -800a - 217?
-8225
In base 15, what is -1296 + -4bc?
-1763
In base 13, what is -2 + -2c1924b?
-2c19250
In base 12, what is 1b692b5 - -19?
1b69312
In base 11, what is -101 - -3743?
3642
In base 16, what is 1 - -a9b2a1d?
a9b2a1e
In base 12, what is 31943 + -285?
3167a
In base 11, what is -56814896 - 3?
-56814899
In base 2, what is 1010011101100001100100100 - 10?
1010011101100001100100010
In base 9, what is 16 - -12316710?
12316726
In base 2, what is 101110001001001110000001111 + -1?
101110001001001110000001110
In base 6, what is -1550031 + -1525?
-1552000
In base 2, what is 10001010 - 111111110100010?
-111111100011000
In base 16, what is 1aae46 + 4?
1aae4a
In base 12, what is 6 + -76a3254?
-76a324a
In base 4, what is 0 + 1010011132011?
1010011132011
In base 12, what is -42 - 26614?
-26656
In base 14, what is 3acd9 + -479?
3a860
In base 10, what is 26 + 9916603?
9916629
In base 5, what is -111 + -220442?
-221103
In base 8, what is 2 + 4411355?
4411357
In base 7, what is 42256 - -135332?
210621
In base 7, what is 0 + 105101553?
105101553
In base 7, what is 1 + 345243635?
345243636
In base 12, what is -5 + 14085aa?
14085a5
In base 14, what is 21d97d + 3?
21d982
In base 12, what is -8 - -163ba7b?
163ba73
In base 3, what is 22020022 - -1212021110?
2011111202
In base 1